) = u**3 + 3*u**2 - 21*u + 62. What is a(3)?
53
Let t(i) = -3*i**2 + 586*i + 1177. Give t(-2).
-7
Let l(b) = -7*b**3 - 92*b**2 - 26*b + 17. Determine l(-13).
186
Let x(m) = 11*m - 200. What is x(12)?
-68
Let x(p) = 2*p**2 - 13*p + 48. Determine x(-13).
555
Let f(l) = -43*l + 295. Determine f(8).
-49
Let i(m) = -6774*m + 81291. What is i(12)?
3
Let n(k) = -k**3 + 10*k**2 - 31*k - 2. Calculate n(7).
-72
Let k(z) = 4*z**2 - 86*z + 121. Give k(20).
1
Let w(s) = 3*s**3 - 4*s**2 + 2*s - 10. What is w(1)?
-9
Let t(d) = d**2 - 6542*d + 32707. Calculate t(5).
22
Let r(b) = 2*b**3 + 5*b**2 + 3*b - 16. Give r(3).
92
Let c(r) = -909*r + 2701. Give c(3).
-26
Let f(d) = 34*d - 854. Determine f(23).
-72
Let b(q) = -143*q + 16. What is b(0)?
16
Let x(k) = 2*k**3 - 89*k**2 + 283*k + 159. What is x(41)?
-5
Let i(v) = v**3 + 32*v**2 + 234*v + 9. Calculate i(-21).
-54
Let j(g) = -g**3 + 8*g**2 + 33*g - 53. Determine j(11).
-53
Let g(o) = -2*o**3 - 97*o**2 + 39*o - 489. Give g(-49).
1
Let t(w) = -1759*w + 15822. Determine t(9).
-9
Let u(l) = -l**3 - 18*l**2 - 62*l - 67. What is u(-14)?
17
Let y(m) = m**3 - 18*m**2 + 44*m - 80. What is y(16)?
112
Let h(y) = -4*y**2 - 34*y - 191. Calculate h(-7).
-149
Let r(n) = -13085*n + 39270. Give r(3).
15
Let y(l) = 129*l + 28. Give y(0).
28
Let y(s) = 226*s - 44763. Calculate y(198).
-15
Let k(o) = -45*o**2 + 10*o - 38. Determine k(4).
-718
Let n(x) = 10*x - 107. Calculate n(23).
123
Let g(i) = -354*i + 10625. What is g(30)?
5
Let q(l) = -l**2 - 17*l - 42. Calculate q(-12).
18
Let p(o) = -14*o + 408. Give p(34).
-68
Let z(a) = -182*a**2 - 9*a + 9. Give z(1).
-182
Let w(h) = h**3 + 9*h**2 - 23*h + 13. Give w(-11).
24
Let f(m) = m**2 + 307*m + 1216. Determine f(-4).
4
Let j(s) = -135*s - 146. What is j(-1)?
-11
Let r(t) = -26*t**3 - 75*t**2 + 85*t + 234. Give r(-3).
6
Let m(n) = -1047*n - 18841. Determine m(-18).
5
Let r(g) = 3*g**3 - 111*g**2 - 2*g - 2. Give r(37).
-76
Let y(r) = -12*r**2 - 176*r - 120. What is y(-14)?
-8
Let c(r) = -3*r**3 - 9*r**2 - 9*r - 8. Calculate c(-3).
19
Let z(g) = -3*g**2 - 39*g - 17. What is z(-16)?
-161
Let t(m) = 40*m - 32. Determine t(11).
408
Let y(p) = -2*p**2 + 73*p - 93. Calculate y(27).
420
Let c(w) = -w**3 + w**2 - 59*w - 266. Determine c(-4).
50
Let r(k) = k**3 + 17*k**2 + 51*k + 555. What is r(-16)?
-5
Let j(w) = -w**3 - 15*w**2 + 63*w + 166. What is j(-18)?
4
Let f(z) = 12*z + 266. Calculate f(-21).
14
Let v(u) = -5*u + 8. What is v(-2)?
18
Let b(s) = 1231*s - 12311. Give b(10).
-1
Let g(l) = 2*l**2 - 59*l - 1051. Calculate g(42).
-1
Let t(m) = -7*m**2 - 238*m - 1857. Give t(-12).
-9
Let z(f) = -17*f**2 - 191*f - 184. What is z(-10)?
26
Let l(u) = -23*u - 87. Give l(-4).
5
Let l(y) = -7*y**2 + 65*y + 64. Determine l(-1).
-8
Let g(t) = 2*t**2 + 9*t - 15. Calculate g(-5).
-10
Let m(g) = -2*g**2 - 8*g + 7677. Determine m(-64).
-3
Let x(z) = -z**3 + 9*z**2 - 3*z + 9. Calculate x(9).
-18
Let v(p) = -5*p**2 + 43*p - 52. Determine v(7).
4
Let h(d) = 35*d + 45. Calculate h(7).
290
Let z(k) = -26*k - 117. Determine z(-5).
13
Let p(t) = 224*t - 11640. Determine p(52).
8
Let b(o) = -320*o - 10010. What is b(-31)?
-90
Let v(o) = 36*o - 136. What is v(5)?
44
Let w(u) = 2*u**3 + 15*u**2 + 17*u - 48. Determine w(-4).
-4
Let z(c) = -19*c - 386. Calculate z(0).
-386
Let w(k) = k**3 + 48*k**2 + 245*k - 4. Determine w(-6).
38
Let g(k) = -15*k - 333. Give g(-22).
-3
Let n(l) = -l**2 - 37*l - 346. Give n(-16).
-10
Let x(v) = v**3 + 44*v**2 - 46*v - 71. What is x(-45)?
-26
Let a(u) = -u**2 + 76*u - 1490. Calculate a(46).
-110
Let z(u) = 4*u + 187. Give z(-32).
59
Let x(q) = -q**3 - 3*q**2 + 85*q + 174. Determine x(-2).
0
Let o(h) = -2*h**2 - 7*h + 23. What is o(-8)?
-49
Let g(n) = -3*n**3 + 6*n**2 + 13*n - 40. What is g(3)?
-28
Let u(a) = -a**2 + 45*a - 441. Calculate u(30).
9
Let p(h) = 7*h + 304. Determine p(-17).
185
Let r(q) = -q**3 - 12*q**2 - 23*q - 12. Calculate r(-11).
120
Let m(z) = -29*z - 323. Give m(-14).
83
Let j(z) = -2127*z - 14884. What is j(-7)?
5
Let o(g) = -19*g**2 + 1289*g + 201. What is o(68)?
-3
Let o(z) = z**3 - 19*z**2 - 38*z - 90. Give o(21).
-6
Let b(g) = -3*g**2 + 128*g + 18. What is b(42)?
102
Let a(o) = -79*o - 166. Determine a(-11).
703
Let t(a) = -23*a**2 - 161*a - 226. Determine t(-5).
4
Let k(w) = -w**3 - 3*w**2 + 679*w + 4551. Calculate k(-7).
-6
Let s(h) = -h**3 - 29*h**2 - 63*h + 35. What is s(-3)?
-10
Let p(j) = j**3 + 16*j**2 + 32*j + 59. What is p(-14)?
3
Let j(q) = 35*q**2 + 203*q + 20. Calculate j(-6).
62
Let q(r) = -11*r**2 - 356*r - 1245. Give q(-4).
3
Let f(o) = -3302*o - 138686. Determine f(-42).
-2
Let c(m) = m**3 + 11*m**2 - 15*m - 250. What is c(-10)?
0
Let a(v) = -297*v - 1213. Calculate a(-4).
-25
Let q(j) = -17*j**3 - 116*j**2 + 28*j + 51. Determine q(-7).
2
Let o(q) = -6*q - 118. Determine o(-20).
2
Let g(s) = 113*s - 1235. Give g(8).
-331
Let i(j) = j**2 + 3*j - 178. Calculate i(14).
60
Let r(j) = j**3 + 45*j**2 + 201*j + 55. Calculate r(-40).
15
Let q(h) = 4*h**3 - 12*h**2 - 2*h. Determine q(4).
56
Let s(h) = h**3 + 20*h**2 + 7*h - 2. Calculate s(-1).
10
Let p(q) = 16*q**3 + 50*q**2 + 7*q + 8. Determine p(-3).
5
Let h(d) = -d**2 + 33*d - 103. What is h(30)?
-13
Let s(w) = 31*w + 36. Give s(-1).
5
Let f(y) = -2*y**3 - 179*y**2 - 84*y + 416. Give f(-89).
-29
Let c(p) = 15*p**3 - 53*p - 115. Calculate c(-2).
-129
Let s(q) = -6*q**2 - 8*q - 1. Give s(-1).
1
Let z(h) = -10*h**2 + 17*h + 65. What is z(3)?
26
Let t(f) = -f**2 + 7*f + 15. Calculate t(-13).
-245
Let j(w) = 84*w**2 + 321*w - 7. Calculate j(-4).
53
Let d(p) = -p**2 + 672*p - 2. Determine d(0).
-2
Let o(u) = -28*u - 83. Determine o(-6).
85
Let m(g) = 94*g - 15127. Calculate m(161).
7
Let q(l) = l**2 - 204*l + 1939. What is q(194)?
-1
Let a(q) = 18*q + 83. Calculate a(-19).
-259
Let s(r) = -r**3 + 95*r**2 - 187*r + 71. Calculate s(93).
-22
Let v(u) = -27*u + 825. Calculate v(33).
-66
Let a(c) = -357*c - 3669. What is a(-10)?
-99
Let p(c) = 3*c**3 - 403*c**2 + 3151*c - 115. Calculate p(126).
11
Let c(o) = 35*o**2 + o - 6. What is c(2)?
136
Let h(g) = g**3 + 59*g**2 + 832*g - 274. Calculate h(-35).
6
Let f(s) = -3*s**2 + 36*s - 13. What is f(12)?
-13
Let h(r) = -51*r - 5133. Calculate h(-101).
18
Let l(u) = 169*u - 2876. Give l(17).
-3
Let w(h) = -h**2 + 18*h + 280. Give w(-13).
-123
Let g(o) = -4*o - 161. Calculate g(-30).
-41
Let t(h) = -20*h**3 + 3*h**2 - 18*h - 15. What is t(-1)?
26
Let t(y) = -y**2 + 1074*y + 49202. What is t(-44)?
10
Let d(t) = -3*t**3 - 3*t**2 + 14*t + 33. Give d(-3).
45
Let u(x) = -x**3 + 32*x**2 - 25*x - 172. Give u(31).
14
Let b(p) = -17*p**3 - 9*p**2 - 9*p + 1. What is b(-2)?
119
Let g(t) = -76*t - 9951. What is g(-129)?
-147
Let p(h) = 262*h + 512. Give p(-2).
-12
Let o(b) = 17*b - 333. What is o(19)?
-10
Let x(l) = l**3 - 3*l**2 + 11*l - 10. What is x(-5)?
-265
Let c(l) = -l**2 - 26*l - 21. Determine c(-25).
4
Let j(g) = g**3 + 17*g**2 + 70*g - 85. Give j(-9).
-67
Let v(q) = -34*q**2 - 43*q - 44. What is v(-1)?
-35
Let p(f) = -f**3 + 21*f**2 - 5*f - 625. Determine p(19).
2
Let q(b) = 2*b**3 - 12*b**2 - 4591*b - 41. What is q(-45)?
4
Let o(g) = -147*g - 917. Calculate o(-6).
-35
Let g(y) = -381*y - 2295. Give g(-6).
-9
Let b(x) = 8*x**3 + 6*x**2 + 2*x - 4. What is b(-3)?
-172
Let x(d) = 97*d - 2627. Determine x(27).
-8
Let d(o) = 11*o**2 - 179*o - 13. Calculate d(16).
-61
Let g(n) = -460*n + 2320. Give g(5).
20
Let h(f) = -321*f - 18299. Give h(-57).
-2
Let d(b) = -4*b**3 - b**2 + 6*b - 6. What is d(1)?
-5
Let y(a) = -a**3 + 43*a**2 - 5*a - 33. Calculate y(43).
-248
Let a(z) = -4*z**2 - 86*z + 120. Determine a(-23).
-18
Let h(z) = -3*z**3 - 15*z**2 + 36*z - 14. Calculate h(4).
-302
Let u(y) = -16*y**2 - 16*y - 4. Calculate u(-3).
-100
Let a(c) = 2*c**2 - 28*c + 91. What is a(5)?
1
Let z(l) = -3*l**2 + 178*l - 535. What is z(3)?
-28
Let f(p) = 52*p - 28. Give f(3).
128
Let s(z) = -z**3 - 41*z**2 + 10*z + 241. What is s(-41)?
-169
Let m(k) = 10618*k - 63714. Calculate m(6).
-6
Let k(y) = 3*y**2 - 137*y - 2151. Calculate k(58).
-5
Let m(p) = -p**3 - 7*p - 455. Calculate m(0).
-455
Let w(j) = j**2 - 9*j - 1390. Give w(-33).
-4
Let g(q) = -q**3 - 33*q**2 - 48*q - 491. Determine g(-32).
21
Let l(w) = 124*w - 1027. What is l(10)?
213
Let c(k) = -3*k**3 + 95*k**2 + 38*k - 127. De